{"id":193,"date":"2019-02-09T15:39:21","date_gmt":"2019-02-09T14:39:21","guid":{"rendered":"http:\/\/finosc.pl\/?page_id=193"},"modified":"2019-02-09T15:39:21","modified_gmt":"2019-02-09T14:39:21","slug":"oferta","status":"publish","type":"page","link":"https:\/\/finosc.pl\/?page_id=193","title":{"rendered":"Oferta"},"content":{"rendered":"\n<p>Nasz oferta dla Wsp\u00f3lnot Mieszkaniowych obejmuje:<\/p>\n\n\n\n<ul class=\"wp-block-list\"><li>pomoc przy utworzeniu nowej wsp\u00f3lnoty mieszkaniowej i jej rejestracja <\/li><li>przejmowanie wszelkiej dokumentacji od poprzedniego zarz\u0105dcy;<\/li><li>przygotowywanie dokument\u00f3w na zebranie wsp\u00f3lnoty: uchwa\u0142, regulamin\u00f3w, analiz, plan\u00f3w gospodarczych<\/li><li>zwo\u0142ywanie i obs\u0142uga zebra\u0144 wsp\u00f3lnot mieszkaniowych,<\/li><li>zawieranie um\u00f3w o dostaw\u0119 energii elektrycznej, cieplnej, wody oraz odprowadzenia \u015bciek\u00f3w i wywozu nieczysto\u015bci sta\u0142ych,<\/li><li>zawieranie um\u00f3w zleconych przez wsp\u00f3lnot\u0119 mieszkaniow\u0105 (np. na prace remontowe, utrzymanie czysto\u015bci itp.),<\/li><li>przygotowywanie i negocjowanie um\u00f3w na obs\u0142ug\u0119 nieruchomo\u015bci, dzier\u017caw\u0119 cz\u0119\u015bci wsp\u00f3lnych nieruchomo\u015bci i innych,<\/li><li>podejmowanie wszelkich czynno\u015bci zmierzaj\u0105cych do uzyskania dla Wsp\u00f3lnoty dotacji i dofinansowa\u0144;<\/li><li>prowadzenie spraw zwi\u0105zanych z zaci\u0105gni\u0119ciem przez Wsp\u00f3lnot\u0119 kredytu wraz z jego obs\u0142ug\u0105;<\/li><li>prowadzenie ewidencji przychod\u00f3w i koszt\u00f3w (ksi\u0119gowo\u015bci) zgodnie z odr\u0119bn\u0105 uchwa\u0142\u0105 w\u0142a\u015bcicieli okre\u015blaj\u0105c\u0105 zakres i form\u0119 tej ewidencji,<\/li><li>sporz\u0105dzanie list wynagrodze\u0144,<\/li><li>sporz\u0105dzanie deklaracji PIT, CIT, VAT,<\/li><li>prowadzenie rozrachunk\u00f3w publiczno-prawnych (ZUS, US),<\/li><li>sporz\u0105dzanie p\u00f3\u0142rocznych i rocznych sprawozda\u0144 finansowych,<\/li><li>usuwanie awarii i ich skutk\u00f3w,<\/li><li>nadz\u00f3r nad utrzymaniem czysto\u015bci w cz\u0119\u015bciach wsp\u00f3lnych nieruchomo\u015bci oraz nadz\u00f3r nad wykonaniem prac konserwacyjnych i remontowych,<\/li><li>realizacja p\u0142atno\u015bci wsp\u00f3lnoty poprzez rachunek bankowy;<\/li><li>prowadzenie wszelkiej dokumentacji wsp\u00f3lnoty w tym ksi\u0105\u017cki obiektu budowlanego oraz dokumentacji technicznej nieruchomo\u015bci wymaganej przez przepisy prawa budowlanego,<\/li><li>archiwizacja dokument\u00f3w wsp\u00f3lnoty,<\/li><li>zlecanie kontroli technicznych i okresowych przegl\u0105d\u00f3w nieruchomo\u015bci i urz\u0105dze\u0144 zgodnie z wymogami prawa budowlanego,<\/li><li>prowadzenie wszelkich spraw zwi\u0105zanych z ubezpieczeniem budynku,<\/li><li>prowadzenie szczeg\u00f3\u0142owych rozlicze\u0144 zwi\u0105zanych z dostaw\u0105 medi\u00f3w do cz\u0119\u015bci wsp\u00f3lnych nieruchomo\u015bci oraz rozliczanie miernik\u00f3w indywidualnych <\/li><li>prowadzenie rozrachunk\u00f3w dla ka\u017cdego w\u0142a\u015bciciela indywidualnie zar\u00f3wno op\u0142at bie\u017c\u0105cych jak i funduszu remontowego,<\/li><li>windykacja nale\u017cno\u015bci (wp\u0142at od w\u0142a\u015bcicieli oraz innych nale\u017cno\u015bci wsp\u00f3lnoty) do wezwania przes\u0105dowego w\u0142\u0105cznie;<\/li><li>reprezentowanie Wsp\u00f3lnoty Mieszkaniowej w urz\u0119dach i instytucjach.<\/li><li>dost\u0119p on-line do w\u0142asnej kartoteki poprzez system e-adm<\/li><\/ul>\n\n\n\n<p>Ka\u017cda nieruchomo\u015b\u0107 jest inna dlatego te\u017c na etapie podpisywania umowy zakres obowi\u0105zk\u00f3w mo\u017ce by\u0107 specjalnie dopasowany do Twojej nieruchomo\u015bci.<\/p>\n\n\n\n<p>Zapraszamy do kontaktu z nami.<\/p>\n","protected":false},"excerpt":{"rendered":"<p>Nasz oferta dla Wsp\u00f3lnot Mieszkaniowych obejmuje: pomoc przy utworzeniu nowej wsp\u00f3lnoty mieszkaniowej i jej rejestracja przejmowanie wszelkiej dokumentacji od poprzedniego zarz\u0105dcy; przygotowywanie dokument\u00f3w na zebranie wsp\u00f3lnoty: uchwa\u0142, regulamin\u00f3w, analiz, plan\u00f3w gospodarczych zwo\u0142ywanie i obs\u0142uga zebra\u0144 wsp\u00f3lnot mieszkaniowych, zawieranie um\u00f3w o dostaw\u0119 energii elektrycznej, cieplnej, wody oraz odprowadzenia \u015bciek\u00f3w i wywozu nieczysto\u015bci sta\u0142ych, zawieranie um\u00f3w zleconych&#8230;<\/p>\n","protected":false},"author":1,"featured_media":0,"parent":0,"menu_order":0,"comment_status":"closed","ping_status":"closed","template":"","meta":{"footnotes":""},"class_list":["post-193","page","type-page","status-publish","hentry"],"_links":{"self":[{"href":"https:\/\/finosc.pl\/index.php?rest_route=\/wp\/v2\/pages\/193"}],"collection":[{"href":"https:\/\/finosc.pl\/index.php?rest_route=\/wp\/v2\/pages"}],"about":[{"href":"https:\/\/finosc.pl\/index.php?rest_route=\/wp\/v2\/types\/page"}],"author":[{"embeddable":true,"href":"https:\/\/finosc.pl\/index.php?rest_route=\/wp\/v2\/users\/1"}],"replies":[{"embeddable":true,"href":"https:\/\/finosc.pl\/index.php?rest_route=%2Fwp%2Fv2%2Fcomments&post=193"}],"version-history":[{"count":1,"href":"https:\/\/finosc.pl\/index.php?rest_route=\/wp\/v2\/pages\/193\/revisions"}],"predecessor-version":[{"id":194,"href":"https:\/\/finosc.pl\/index.php?rest_route=\/wp\/v2\/pages\/193\/revisions\/194"}],"wp:attachment":[{"href":"https:\/\/finosc.pl\/index.php?rest_route=%2Fwp%2Fv2%2Fmedia&parent=193"}],"curies":[{"name":"wp","href":"https:\/\/api.w.org\/{rel}","templated":true}]}}