{"id":168,"date":"2019-02-07T16:20:00","date_gmt":"2019-02-07T15:20:00","guid":{"rendered":"http:\/\/finosc.pl\/?page_id=168"},"modified":"2024-11-08T17:40:08","modified_gmt":"2024-11-08T16:40:08","slug":"o-nas","status":"publish","type":"page","link":"https:\/\/finosc.pl\/?page_id=168","title":{"rendered":"O nas"},"content":{"rendered":"\n<h2 class=\"wp-block-heading\"><strong>Fino zarz\u0105dzanie nieruchomo\u015bciami s.c. <\/strong><\/h2>\n\n\n\n<p>Jeste\u015bmy sp\u00f3\u0142ka cywiln\u0105 dzia\u0142aj\u0105c\u0105 na rynku zarz\u0105dzania nieruchomo\u015bciami od 2001r. W tym czasie zdobywaj\u0105c zaufanie kolejnych wsp\u00f3lnot zbudowali\u015bmy firm\u0119, kt\u00f3ra zarz\u0105dza obecnie ponad 180.000 m2 nieruchomo\u015bci.\u00a0\u00a0 Sp\u00f3\u0142k\u0119 obecnie tworz\u0105: Marzena Blacha oraz Piotr Filipiuk.<\/p>\n\n\n\n<p>Wiemy, \u017ce w\u0142a\u015bciciele powierzaj\u0105\nw nasze r\u0119ce nierzadko ca\u0142y maj\u0105tek swojego \u017cycia. Dlatego uwa\u017camy, \u017ce w naszej\npracy najwa\u017cniejsze jest wzajemne zaufanie oraz szacunek do w\u0142a\u015bcicieli\nnieruchomo\u015bci.<\/p>\n\n\n\n<p>Dzi\u0119ki \u015bcis\u0142ej wsp\u00f3\u0142pracy naszych pracownik\u00f3w ze wsp\u00f3lnotami i ich Zarz\u0105dami uda\u0142o nam si\u0119 przywr\u00f3ci\u0107 blask wielu przedwojennym kamienicom, przeprowadzi\u0107 wiele termomodernizacji jak r\u00f3wnie\u017c wyprowadzi\u0107 wsp\u00f3lnoty z niejednego kryzysu, z kt\u00f3rym si\u0119 do nas zwr\u00f3ci\u0142y. <\/p>\n\n\n\n<p>Staramy si\u0119 dla naszych wsp\u00f3lnot\npozyskiwa\u0107 dodatkowe \u015brodki na prace remontowe z dost\u0119pnych \u017ar\u00f3de\u0142 np. z Banku\nGospodarstwa Krajowego, Szczeci\u0144skiego Funduszu Po\u017cyczkowego, innych dost\u0119pnych\nprogram\u00f3w.<\/p>\n\n\n\n<p>Nie boj\u0105c si\u0119 spraw trudnych i\npracoch\u0142onnych przez ostatnie kilkana\u015bcie lat zdobyli\u015bmy bogate do\u015bwiadczenie,\nkt\u00f3rym mo\u017cemy s\u0142u\u017cy\u0107 naszym klientom.<\/p>\n\n\n\n<p>Je\u017celi potrzebujesz firmy\ndo\u015bwiadczonej ale otwartej i komunikatywnej \u2013 zapraszamy.<\/p>\n\n\n\n<p><\/p>\n","protected":false},"excerpt":{"rendered":"<p>Fino zarz\u0105dzanie nieruchomo\u015bciami s.c. Jeste\u015bmy sp\u00f3\u0142ka cywiln\u0105 dzia\u0142aj\u0105c\u0105 na rynku zarz\u0105dzania nieruchomo\u015bciami od 2001r. W tym czasie zdobywaj\u0105c zaufanie kolejnych wsp\u00f3lnot zbudowali\u015bmy firm\u0119, kt\u00f3ra zarz\u0105dza obecnie ponad 180.000 m2 nieruchomo\u015bci.\u00a0\u00a0 Sp\u00f3\u0142k\u0119 obecnie tworz\u0105: Marzena Blacha oraz Piotr Filipiuk. Wiemy, \u017ce w\u0142a\u015bciciele powierzaj\u0105 w nasze r\u0119ce nierzadko ca\u0142y maj\u0105tek swojego \u017cycia. Dlatego uwa\u017camy, \u017ce w naszej&#8230;<\/p>\n","protected":false},"author":1,"featured_media":0,"parent":0,"menu_order":0,"comment_status":"closed","ping_status":"closed","template":"","meta":{"footnotes":""},"class_list":["post-168","page","type-page","status-publish","hentry"],"_links":{"self":[{"href":"https:\/\/finosc.pl\/index.php?rest_route=\/wp\/v2\/pages\/168"}],"collection":[{"href":"https:\/\/finosc.pl\/index.php?rest_route=\/wp\/v2\/pages"}],"about":[{"href":"https:\/\/finosc.pl\/index.php?rest_route=\/wp\/v2\/types\/page"}],"author":[{"embeddable":true,"href":"https:\/\/finosc.pl\/index.php?rest_route=\/wp\/v2\/users\/1"}],"replies":[{"embeddable":true,"href":"https:\/\/finosc.pl\/index.php?rest_route=%2Fwp%2Fv2%2Fcomments&post=168"}],"version-history":[{"count":6,"href":"https:\/\/finosc.pl\/index.php?rest_route=\/wp\/v2\/pages\/168\/revisions"}],"predecessor-version":[{"id":672,"href":"https:\/\/finosc.pl\/index.php?rest_route=\/wp\/v2\/pages\/168\/revisions\/672"}],"wp:attachment":[{"href":"https:\/\/finosc.pl\/index.php?rest_route=%2Fwp%2Fv2%2Fmedia&parent=168"}],"curies":[{"name":"wp","href":"https:\/\/api.w.org\/{rel}","templated":true}]}}